(base 8) to base 9
-20558
7402 (base 9) to base 11
4096
Convert -2b9 (base 14) to base 13.
-339
1445 (base 6) to base 5
3024
What is 70b0 (base 14) in base 15?
5b0c
-1000011010111 (base 2) to base 8
-10327
Convert 30011213 (base 4) to base 5.
3041021
112435 (base 6) to base 5
302141
Convert -11022210 (base 3) to base 11.
-2407
-44220 (base 5) to base 13
-1515
What is 1034 (base 7) in base 13?
224
Convert 562 (base 7) to base 4.
10201
Convert -10112 (base 3) to base 5.
-340
Convert 1200200 (base 3) to base 14.
641
Convert 63712 (base 8) to base 14.
997c
2320 (base 12) to base 8
7510
-23251 (base 7) to base 3
-22011221
93808 (base 10) to base 3
11202200101
Convert eda (base 15) to base 9.
4537
What is -89a2 (base 11) in base 15?
-379e
What is -1000010010110 (base 2) in base 8?
-10226
What is 1015 (base 7) in base 9?
434
7664 (base 10) to base 8
16760
-1441141 (base 5) to base 12
-159a4
What is 5bc (base 14) in base 7?
3225
Convert -9e74 (base 16) to base 12.
-1b584
-1143023 (base 5) to base 14
-7c58
What is 10001111001001 (base 2) in base 10?
9161
Convert 101313 (base 4) to base 7.
3222
What is -483a9 (base 11) in base 6?
-1254354
What is -2444 (base 5) in base 3?
-111212
Convert -100232 (base 6) to base 4.
-1322330
Convert 11213 (base 4) to base 16.
167
Convert -42630 (base 7) to base 6.
-121033
What is -114104 (base 5) in base 15?
-1404
Convert c51 (base 16) to base 4.
301101
Convert -1642 (base 16) to base 2.
-1011001000010
Convert 431 (base 12) to base 7.
1534
-17476 (base 10) to base 4
-10101010
-2105 (base 7) to base 14
-3ac
What is -4031 (base 7) in base 16?
-572
-2ba (base 12) to base 3
-120221
What is 6ac (base 16) in base 3?
2100021
What is -303201 (base 5) in base 7?
-40401
Convert -6355 (base 7) to base 4.
-203011
2443 (base 13) to base 12
2b71
What is 6d7 (base 14) in base 9?
1776
Convert 101110111010 (base 2) to base 4.
232322
Convert 815 (base 10) to base 5.
11230
2020233 (base 4) to base 6
104303
-11222 (base 3) to base 12
-b2
What is -6c (base 16) in base 11?
-99
Convert 6c2 (base 13) to base 9.
1542
7910 (base 11) to base 7
42241
Convert 442 (base 15) to base 4.
33002
-2899 (base 14) to base 10
-7191
1301330 (base 4) to base 11
552a
What is 214 (base 13) in base 2?
101100011
What is -120012 (base 3) in base 6?
-1522
What is -23b8 (base 15) in base 7?
-31103
What is 121100220 (base 3) in base 2?
10111010011011
Convert -848a (base 11) to base 2.
-10101111011110
What is -224 (base 5) in base 15?
-44
-110212010 (base 3) to base 11
-7050
What is 6c6 (base 14) in base 16?
546
Convert 2412 (base 8) to base 4.
110022
56270 (base 8) to base 4
11302320
92d (base 16) to base 5
33344
What is 11100101101001 (base 2) in base 14?
54db
What is -6ab (base 13) in base 14?
-5c7
Convert 223200 (base 4) to base 7.
11055
Convert 34 (base 6) to base 7.
31
Convert -3105 (base 10) to base 12.
-1969
What is -10000001 (base 2) in base 9?
-153
What is -21000 (base 3) in base 9?
-230
What is -10b7 (base 13) in base 12?
-1437
Convert -116b0 (base 13) to base 15.
-96ca
Convert 460 (base 10) to base 7.
1225
What is 60673 (base 8) in base 16?
61bb
Convert 103e (base 15) to base 6.
23522
What is 653 (base 12) in base 15?
41c
Convert -12304 (base 5) to base 3.
-1022100
33400 (base 8) to base 13
6541
Convert -111000010 (base 2) to base 5.
-3300
1200 (base 12) to base 8
3740
-1732 (base 12) to base 4
-223112
Convert -3885 (base 9) to base 7.
-11330
-293a (base 14) to base 6
-53452
Convert -21012 (base 7) to base 14.
-1c42
What is -33446 (base 7) in base 15?
-2792
Convert 6531 (base 8) to base 3.
11200120
Convert 460e (base 15) to base 5.
433424
What is -c42 (base 15) in base 9?
-3708
134454 (base 6) to base 5
401311
What is 6036 (base 9) in base 14?
186b
Convert -1002000 (base 4) to base 12.
-2540
-576 (base 8) to base 11
-318
What is 751 (base 11) in base 5?
12103
What is 1113440 (base 5) in base 10?
19870
-1012110202 (base 3) to base 10
-23672
What is 698 (base 14) in base 16?
51e
What is -1221020 (base 3) in base 4?
-112002
Convert -6b1d (base 16) to base 9.
-41547
What is -1056 (base 15) in base 16?
-d80
What is -518 (base 12) in base 13?
-44c
Convert -403101 (base 5) to base 16.
-3265
c4c (base 14) to base 13
1142
15352 (base 7) to base 14
17d2
Convert -a8c (base 15) to base 7.
-6642
What is -133122 (base 4) in base 16?
-7da
Convert -29a7 (base 14) to base 4.
-1303213
-2525 (base 10) to base 14
-cc5
Convert -343b (base 12) to base 10.
-5807
Convert 19d (base 15) to base 12.
271
Convert 122100200 (base 3) to base 8.
30556
Convert -8a13 (base 13) to base 6.
-225134
Convert 114402 (base 5) to base 15.
1452
Convert 997 (base 12) to base 15.
641
Convert 4a26 (base 15) to base 14.
5a78
What is -21001023 (base 4) in base 6?
-443003
21125 (base 6) to base 2
101100101101
What is 29017 (base 11) in base 10?
41279
What is 4770 (base 8) in base 5?
40202
-22615 (base 9) to base 2
-11101011101000
-222002212 (base 3) to base 6
-224035
Convert 253 (base 10) to base 5.
2003
Convert 32330 (base 7) to base 11.
6065
What is -3b31 (base 15) in base 2?
-11000101100110
What is 13339 (base 10) in base 5?
411324
Convert -474 (base 11) to base 7.
-1435
What is 434561 (base 7) in base 2?
10010100100111011
200102 (base 3) to base 6
2145
What is -3244000 (base 5) in base 10?
-56125
What is -83e (base 16) in base 6?
-13434
What is 648 (base 11) in base 4?
30022
Convert -15c (base 14) to base 16.
-116
Convert 2243324 (base 5) to base 10.
40464
21443 (base 6) to base 5
43404
-1312333 (base 4) to base 11
-57a3
-534 (base 16) to base 5
-20312
What is 2a67 (base 11) in base 6?
30133
What is -12122222 (base 3) in base 4?
-1000202
Convert 10627 (base 8) to base 3.
20011210
What is 1323 (base 8) in base 14?
399
Convert 1554 (base 9) to base 11.
986
1323 (base 4) to base 9
146
Convert 10912 (base 10) to base 9.
15864
Convert 1064 (base 12) to base 8.
3414
Convert -23302 (base 5) to base 13.
-a0c
Convert 4376 (base 8) to base 6.
14354
What is -461a (base 11) in base 14?
-22d9
What is -22512 (base 7) in base 14?
-2142
47754 (base 11) to base 2
10000110010110011
10000001011100 (base 2) to base 5
231114
What is -3d2 (base 16) in base 6?
-4310
What is -26a5 (base 12) in base 2?
-1000101011101
What is -476e (base 15) in base 8?
-35513
Convert 4a (base 12) to base 15.
3d
What is 12738 (base 12) in base 14?
92b2
Convert 314 (base 15) to base 12.
49a
What is -368 (base 11) in base 7?
-1163
Convert -1490 (base 12) to base 3.
-10022100
What is -1757 (base 8) in base 12?
-6bb
What is 23165 (base 9) in base 16?
3c59
-6a3a (base 11) to base 14
-351d
What is -11000101111 (base 2) in base 13?
-94a
-3059 (base 12) to base 15
-1853
Convert -21a5 (base 11) to base 7.
-11310
Convert 1210200 (base 5) to base 14.
830a
Convert 14090 (base 12) to base 11.
19943
-109 (base 15) to base 10
-234
202130 (base 4) to base 10
2204
Convert -704 (base 11) to base 16.
-353
What is 77 (base 13) in base 3?
10122
Convert 537 (base 11) to base 10.
645
-1123212 (base 5) to base 13
-93b9
What is 16a95 (base 12) in base 13?
11b31
22811 (base 9) to base 11
104a3
32311 (base 4) to base 14
4bb
Convert aa6 (base 11) to base 4.
110232
Convert -521 (base 8) to base 3.
-110111
What is cf5 (base 16) in base 12?
1b05
101231 (base 4) to base 7
3206
-230 (base 12) to base 8
-504
Convert -10200211 (base 3) to base 10.
-2695
What is -935 (base 15) in base 16?
-81b
-1110555 (base 6) to base 8
-155207
1110111100 (base 2) to base 10
956
Convert 744 (base 8) to base 16.
1e4
What is 301322 (base 4) in base 6?
22442
What is -7592 (base 10) in base 5?
-220332
Convert -116 (base 8) to base 7.
-141
What is -2226 (base 8) in base 9?
-1544
1612 (base 11) to base 16
816
What is 1222022 (base 3) in base 13?
869
Convert 2268 (base 9) to base 14.
882
Convert 40a (base 11) to base 9.
608
13524 (base 7) to base 13
18b1
What is -2a62 (base 13) in base 3?
-22110022
What is -848 (base 10) in base 11?
-701
Convert -210122 (base 3) to base 6.
-2412
What is -2545 (base 11) in base 13?
-1681
34302 (base 5) to base 3
10100211
What is -290 (base 15) in base 12?
-409
Convert -18b4 (base 14) to base 2.
-1000101110110
What is -4b8 (base 13) in base 5?
-11302
Convert -1594 (base 11) to base 10.
-2039
Convert -113304 (base 5) to base 13.
-1bb5
Convert 621 (base 15) to base 16.